{"id":108,"date":"2015-12-31T19:01:02","date_gmt":"2015-12-31T17:01:02","guid":{"rendered":"http:\/\/www.mudanyaonline.net\/?page_id=108"},"modified":"2016-04-23T18:19:46","modified_gmt":"2016-04-23T16:19:46","slug":"mudanyaya-nasil-gelinir","status":"publish","type":"page","link":"https:\/\/www.mudanyaonline.net\/?page_id=108","title":{"rendered":"Mudanya&#8217;ya nas\u0131l gelinir?"},"content":{"rendered":"<p>|<a href=\"http:\/\/www.mudanyaonline.net\/?page_id=111\">NEREDE KALINIR?<\/a>| |<a href=\"http:\/\/www.mudanyaonline.net\/?page_id=113\">GEZ\u0130LECEK YERLER<\/a>| |<a href=\"http:\/\/www.mudanyaonline.net\/?page_id=115\">NE ALINIR?<\/a>| |<a href=\"http:\/\/www.mudanyaonline.net\/?page_id=116\">YAPMADAN D\u00d6NME<\/a>|<\/p>\n<p><a class=\"highslide\" onclick=\"return vz.expand(this)\" href=\"http:\/\/www.mudanyaonline.net\/wp-content\/uploads\/yol.gif\"><img loading=\"lazy\" class=\"alignleft size-full wp-image-150\" title=\"yol\" alt=\"\" src=\"http:\/\/www.mudanyaonline.net\/wp-content\/uploads\/yol.gif\" width=\"67\" height=\"65\" \/><\/a><\/p>\n<p style=\"text-align: left;\"><strong><span style=\"color: #ff0000;\">\u00d6ZEL ARA\u00c7LA KARADAN ULA\u015eIM<br \/>\n<\/span><\/strong>\u0130stanbul \u00e7\u0131k\u0131\u015fl\u0131 olanlar i\u00e7in Mudanya\u2019ya en zahmetsiz ula\u015f\u0131m Yenikap\u0131\u2019dan deniz otob\u00fcs\u00fc ile olabilir. Kara yolu ile gelmek isteyenler i\u00e7in ya Bursa \u00fczerinden geni\u015f ve rahat yollar kullanarak, ya da daha farkl\u0131 ara yollar kullanarak gelinebilir. Bizde gezi ama\u00e7l\u0131 yola \u00e7\u0131k\u0131yor g\u00fczerg\u00e2h boyunca g\u00f6rebileceklerimizi s\u0131ral\u0131yoruz. \u0130lk etapta \u0130stanbul \u00c7aml\u0131ca gi\u015felerden ge\u00e7erek otobandan Bayramo\u011flu-Dar\u0131ca sapa\u011f\u0131na geliyor, burada otoyoldan ayr\u0131larak Eskihisar feribot iskelesine gelip Top\u00e7ular taraf\u0131na ge\u00e7iyorsunuz. Yalova\u2019ya girmeden Bursa y\u00f6n\u00fcne t\u0131rmanan rampa geni\u015f rahat \u00e7\u0131k\u0131\u015f sa\u011fl\u0131yor. Orhangazi sa\u011fda, \u0130znik solda b\u0131rak\u0131l\u0131p ge\u00e7iliyor, Gemlik a\u015f\u0131l\u0131yor ve sa\u011f\u0131n\u0131zda Kur\u015funlu sapa\u011f\u0131 \u00e7\u0131k\u0131yor. Bu darac\u0131k iki \u015feritli a\u011fa\u00e7l\u0131 yoldan devam etti\u011finizde Kur\u015funlu mevkii \u00fczerinde s\u0131ralanm\u0131\u015f villalar\u0131, yazl\u0131klar\u0131, k\u00f6y evleri, lokanta, kafeler aras\u0131ndan ilerliyor, Marmara sahilinde yer alan mesire yerlerini, a\u011fa\u00e7lar aras\u0131nda, deniz kenar\u0131 ideal piknik ve kamp alanlar\u0131n\u0131, plajlar\u0131, bir de kilise kal\u0131nt\u0131s\u0131n\u0131 geride b\u0131rakarak Alt\u0131nta\u015f\u2019a ve G\u00fczelyal\u0131\u2019ya ula\u015f\u0131yorsunuz.<\/p>\n<p><a class=\"highslide\" onclick=\"return vz.expand(this)\" href=\"http:\/\/www.mudanyaonline.net\/wp-content\/uploads\/guzelyali_liman.gif\"><img loading=\"lazy\" class=\"alignright size-full wp-image-153\" title=\"guzelyali_liman\" alt=\"\" src=\"http:\/\/www.mudanyaonline.net\/wp-content\/uploads\/guzelyali_liman.gif\" width=\"204\" height=\"154\" \/><\/a><\/p>\n<p style=\"text-align: left;\"><strong>G\u00fczelyal\u0131 : <\/strong>\u00d6nceleri beldeyken, sonra Mudanya\u2019ya ba\u011flan\u0131p il\u00e7enin sahil mahallesi konumuna gelen G\u00fczelyal\u0131 Mudanya il\u00e7esine \u00f6ylesine yak\u0131n ve geli\u015fmi\u015fki Mudanya oldu\u011funuzu san\u0131yorsunuz. Seyri g\u00fczel y\u00fcksekten ge\u00e7en yol son d\u00f6neme\u00e7te kar\u015f\u0131n\u0131za \u00f6nce liman\u0131 \u00e7\u0131kar\u0131yor, liman\u0131n gerisinde G\u00fczelyal\u0131 ve Mudanya\u2019y\u0131 g\u00f6zler \u00f6n\u00fcne seriyor.<\/p>\n<p style=\"text-align: left;\">Bal\u0131k\u00e7\u0131 bar\u0131na\u011f\u0131, marina i\u00e7inde ba\u011fl\u0131 yatlar, tekneler, plaj, dalgak\u0131ran, y\u00fcr\u00fcy\u00fc\u015f band\u0131, park ve bah\u00e7eler, an\u0131tlar, evler, yazl\u0131klar ve de apartmanlar k\u0131sa bir \u015fa\u015fk\u0131nl\u0131k ya\u015faman\u0131za neden oluyor. G\u00fczelyal\u0131 i\u00e7ine girer girmez restore edilmi\u015f birka\u00e7 evin aras\u0131ndan sa\u011fa d\u00f6n\u00fcnce kendinizi marinada, deniz kenar\u0131nda buluveriyorsunuz. Dalgak\u0131ran \u00fczerinde rahat\u00e7a y\u00fcr\u00fcnebilsin diye, G\u00fczelyal\u0131\u2019y\u0131 kar\u015f\u0131n\u0131za al\u0131p, y\u00fcksekten bakmak i\u00e7in \u00e7e\u015fitli noktalardan yayalara \u00e7\u0131k\u0131\u015f merdivenleri yap\u0131lm\u0131\u015f. Bal\u0131k tutanlarda oluyor. Y\u00fcz\u00fcn\u00fcz\u00fc dalgak\u0131ran\u0131n giri\u015fine \u00e7evirince, \u0130stanbullular i\u00e7in tan\u0131d\u0131k bir sima ile kar\u015f\u0131la\u015fmak eski bir dostla kar\u015f\u0131la\u015fmak tad\u0131 veriyor. Bu dost y\u0131llarca Kad\u0131k\u00f6y- Karak\u00f6y aras\u0131nda yolcu ta\u015f\u0131yan, \u015fehir hatlar\u0131 gemilerinden biri olan ve emekli olduktan sonra ihale ile sat\u0131n al\u0131n\u0131p Otantik Otel&amp;Restaurant olarak hizmet veren Turan Emeksiz oldu\u011funu g\u00f6r\u00fcp eski g\u00fcnleri, yan taraf\u0131nda oturup Sarayburnu\u2019na K\u0131zkulesi taraf\u0131na bakarak \u00e7ay i\u00e7ti\u011finiz g\u00fcnleri an\u0131ms\u0131yorsunuz.<\/p>\n<p style=\"text-align: left;\">Neyse ki Yenikap\u0131 \u2013 Mudanya aras\u0131 sefer yapan feribotun yana\u015ft\u0131\u011f\u0131 iskele kar\u015f\u0131s\u0131nda bu defa gemiye bakarak \u00e7ay i\u00e7ebilece\u011finiz bir \u00e7ay bah\u00e7esi bulabiliyorsunuz. \u015eehit Burhan Zeytinci ad\u0131 verilen an\u0131tl\u0131 park\u0131 devam ederek G\u00fczelyal\u0131 sahilini gezebilirsiniz. Vakit ge\u00e7irecek bir\u00e7ok mek\u00e2na veda ederek yoku\u015fu Mudanya giri\u015fine ba\u011flanmak \u00fczere \u00e7\u0131k\u0131yor, bu \u00e7\u0131k\u0131\u015fta bal\u0131k temas\u0131n\u0131n i\u015flendi\u011fi bir ba\u015fka metal yap\u0131m heykelle kar\u015f\u0131la\u015f\u0131yorsunuz.<\/p>\n<p style=\"text-align: left;\">\u00dc\u00e7 kilometre sonra Mudanya \u201cHo\u015f geldiniz\u201d ile sizi kar\u015f\u0131l\u0131yor, meydanda il\u00e7enin simgesi yunus heykelleri, sa\u011f taraf\u0131n\u0131zda iskele, restoran, \u00e7ay bah\u00e7eleri, b\u00fcfelerle \u00e7evrili geni\u015f alan\u0131n ortas\u0131nda dururken Mudanya&#8217;ya ula\u015fm\u0131\u015f oluyorsunuz.<\/p>\n<p><a class=\"highslide\" onclick=\"return vz.expand(this)\" href=\"http:\/\/www.mudanyaonline.net\/wp-content\/uploads\/ido.jpg\"><img loading=\"lazy\" class=\"alignleft size-full wp-image-155\" title=\"ido\" alt=\"\" src=\"http:\/\/www.mudanyaonline.net\/wp-content\/uploads\/ido.jpg\" width=\"204\" height=\"137\" \/><\/a><\/p>\n<p style=\"text-align: left;\"><strong><span style=\"color: #ff0000;\">DEN\u0130ZYOLUYLA<\/span><\/strong><br \/>\n\u0130stanbul\u2019dan gelmek i\u00e7in \u0130DO\u2019nun Yenikap\u0131 kalk\u0131\u015fl\u0131 h\u0131zl\u0131 feribotlar\u0131 bir saat 45 dakikada, yine iDO&#8217;nun Kad\u0131k\u00f6y kalk\u0131\u015fl\u0131 denizotob\u00fcsleri ile G\u00fczelyal\u0131 iskelesine gelebilirsiniz.<\/p>\n<p style=\"text-align: left;\">Bursa B\u00fcy\u00fck\u015fehir Belediyesi&#8217;nin kurulu\u015fu olan BUDO ile de Kabata\u015f kalk\u0131\u015fl\u0131 denizotob\u00fcsleriyle Mudanya&#8217;ya ula\u015fabilirsiniz. H\u0131zl\u0131 feribot ve denizotob\u00fcsleri Hafta i\u00e7i ve Cumartesi son seferi saat 21.00\u2019a kadar yap\u0131l\u0131rken, Mudanya kalk\u0131\u015f\u0131 07.00 oluyor.<\/p>\n<p style=\"text-align: left;\">\u0130DO G\u00fczelyal\u0131-Yenikap\u0131 aras\u0131ndaki h\u0131zl\u0131 feribotlar i\u00e7in <a href=\"http:\/\/www.ido.com.tr\/tr\/tarifeler\/ucret-tarifeleri\" target=\"_blank\">\u00dcCRET TAR\u0130FES\u0130<\/a> ve <a href=\"http:\/\/www.ido.com.tr\/tr\/tarifeler\" target=\"_blank\">SEFER SAATLER\u0130 <\/a>t\u0131klay\u0131n\u0131z. <em>\u0130DO HATTI 0(212)444 4 436<br \/>\nBUDO <\/em>Mudanya-Kabata\u015f aras\u0131ndaki denizotob\u00fcsleri <a href=\"https:\/\/budo.burulas.com.tr\/tr\/Page\/Prices\" target=\"_blank\">\u00dcCRET TAR\u0130FES\u0130<\/a> ve <a href=\"https:\/\/budo.burulas.com.tr\/tr\/Page\/VoyageTime\" target=\"_blank\">SEFER SAATLER\u0130 <\/a>t\u0131klay\u0131n\u0131z. <em>BUDO HATTI 0(224)444 99 16<\/em><\/p>\n<p><a class=\"highslide\" onclick=\"return vz.expand(this)\" href=\"http:\/\/www.mudanyaonline.net\/wp-content\/uploads\/minibus.jpg\"><img loading=\"lazy\" class=\"alignleft size-full wp-image-157\" title=\"minibus\" alt=\"\" src=\"http:\/\/www.mudanyaonline.net\/wp-content\/uploads\/minibus.jpg\" width=\"204\" height=\"138\" \/><\/a><\/p>\n<p style=\"text-align: left;\"><strong><span style=\"color: #ff0000;\">\u015eEH\u0130R \u0130\u00c7\u0130 ULA\u015eIM<\/span><\/strong><br \/>\nYaz k\u0131\u015f Bursa\u2019dan kar\u015f\u0131l\u0131kl\u0131 yap\u0131lan minib\u00fcs seferlerinin yan\u0131 s\u0131ra, B\u00fcy\u00fck\u015fehir Belediyesi \u00f6zel halk otob\u00fcsleri yar\u0131m saate bir sefer yap\u0131yorlar.<\/p>\n<div><a title=\"1\/M otob\u00fcs hareket saatleri\" href=\"https:\/\/burulas.com.tr\/otobus-hareket-saatleri.aspx?id=55&amp;hat=1\/M\" target=\"_blank\">1\/M Mudanya-Emek \u0130stasyonu<\/a><\/div>\n<div><a title=\"2\/GM otob\u00fcs saatleri\" href=\"https:\/\/burulas.com.tr\/otobus-hareket-saatleri.aspx?id=82&amp;hat=2\/GM\" target=\"_blank\">2\/GM <\/a>Mudanya-G\u00fczelyal\u0131 <a title=\"2\/M otob\u00fcs saatleri\" href=\"https:\/\/burulas.com.tr\/otobus-hareket-saatleri.aspx?id=242&amp;hat=2\/M\" target=\"_blank\">2\/M<\/a> Mudanya-Mudanya Devlet Hastanesi<\/div>\n<div><a title=\"104 Gemlik-Mudanya otob\u00fcs saatleri\" href=\"https:\/\/burulas.com.tr\/otobus-hareket-saatleri.aspx?id=29&amp;hat=104\" target=\"_blank\">104<\/a> Mudanya \u0130skelesi-G\u00fczelyal\u0131-Kur\u015funlu-Gemlik<\/div>\n<div><a title=\"2\/U otob\u00fcs saatleri\" href=\"https:\/\/burulas.com.tr\/otobus-hareket-saatleri.aspx?id=84&amp;hat=2\/U\" target=\"_blank\">2\/U<\/a> Mudanya \u0130skelesi-Uluda\u011f \u00dcniversitesi<\/div>\n<div><a title=\"F1 Terminal-Mudanya otob\u00fcs saatleri\" href=\"https:\/\/burulas.com.tr\/otobus-hareket-saatleri.aspx?id=209&amp;hat=F\/1\" target=\"_blank\">F\/1<\/a> Mudanya \u0130skelesi-Bursa Terminali<\/div>\n<div><a title=\"F3 Heykel-Mudanya otob\u00fcs saatleri\" href=\"https:\/\/burulas.com.tr\/otobus-hareket-saatleri.aspx?id=211&amp;hat=F\/3\" target=\"_blank\">F\/3<\/a> Mudanya \u0130skelesi-\u00c7ekirge-Heykel-Teleferik<\/div>\n<div>otob\u00fcs hatlar\u0131 ile,<\/div>\n<p>\u00d6zel ara\u00e7la Bursa\u2019dan 20 dakikal\u0131k bir yolculukla Mudanya\u2019ya geliniyor.<br \/>\nMudanya \u2013 G\u00fczelyal\u0131 3 km, Zeytinba\u011f\u0131 (Trilye) 10 km, Gemlik 24 km, Yalova 120 km, \u0130zmit 163 km, Eski\u015fehir 179 km, Bal\u0131kesir 182 km, \u0130stanbul 268 km, \u0130zmir 322 km, Ankara 400 km, Adana 853 km, mesafe bulunuyor.<\/p>\n<p>|<a href=\"http:\/\/www.mudanyaonline.net\/?page_id=111\">NEREDE KALINIR?<\/a>| |<a href=\"http:\/\/www.mudanyaonline.net\/?page_id=113\">GEZ\u0130LECEK YERLER<\/a>| |<a href=\"http:\/\/www.mudanyaonline.net\/?page_id=115\">NE ALINIR?<\/a>| |<a href=\"http:\/\/www.mudanyaonline.net\/?page_id=116\">YAPMADAN D\u00d6NME<\/a>|<\/p>\n","protected":false},"excerpt":{"rendered":"<p>|NEREDE KALINIR?| |GEZ\u0130LECEK YERLER| |NE ALINIR?| |YAPMADAN D\u00d6NME| \u00d6ZEL ARA\u00c7LA KARADAN ULA\u015eIM \u0130stanbul \u00e7\u0131k\u0131\u015fl\u0131 olanlar i\u00e7in Mudanya\u2019ya en zahmetsiz ula\u015f\u0131m Yenikap\u0131\u2019dan deniz otob\u00fcs\u00fc ile olabilir. Kara yolu ile gelmek isteyenler i\u00e7in ya Bursa \u00fczerinden geni\u015f ve rahat yollar kullanarak, ya da daha farkl\u0131 ara yollar kullanarak gelinebilir. Bizde gezi ama\u00e7l\u0131 yola \u00e7\u0131k\u0131yor g\u00fczerg\u00e2h boyunca g\u00f6rebileceklerimizi [&hellip;]<\/p>\n","protected":false},"author":1,"featured_media":0,"parent":0,"menu_order":0,"comment_status":"closed","ping_status":"closed","template":"","meta":[],"_links":{"self":[{"href":"https:\/\/www.mudanyaonline.net\/index.php?rest_route=\/wp\/v2\/pages\/108"}],"collection":[{"href":"https:\/\/www.mudanyaonline.net\/index.php?rest_route=\/wp\/v2\/pages"}],"about":[{"href":"https:\/\/www.mudanyaonline.net\/index.php?rest_route=\/wp\/v2\/types\/page"}],"author":[{"embeddable":true,"href":"https:\/\/www.mudanyaonline.net\/index.php?rest_route=\/wp\/v2\/users\/1"}],"replies":[{"embeddable":true,"href":"https:\/\/www.mudanyaonline.net\/index.php?rest_route=%2Fwp%2Fv2%2Fcomments&post=108"}],"version-history":[{"count":0,"href":"https:\/\/www.mudanyaonline.net\/index.php?rest_route=\/wp\/v2\/pages\/108\/revisions"}],"wp:attachment":[{"href":"https:\/\/www.mudanyaonline.net\/index.php?rest_route=%2Fwp%2Fv2%2Fmedia&parent=108"}],"curies":[{"name":"wp","href":"https:\/\/api.w.org\/{rel}","templated":true}]}}