{"id":111,"date":"2015-04-17T19:03:11","date_gmt":"2015-04-17T17:03:11","guid":{"rendered":"http:\/\/www.mudanyaonline.net\/?page_id=111"},"modified":"2016-04-23T18:50:42","modified_gmt":"2016-04-23T16:50:42","slug":"mudanyada-nerede-kalinir","status":"publish","type":"page","link":"http:\/\/www.mudanyaonline.net\/?page_id=111","title":{"rendered":"Mudanya&#8217;da nerede kal\u0131n\u0131r?"},"content":{"rendered":"<p>|<a href=\"http:\/\/www.mudanyaonline.net\/?page_id=108\">NASIL GEL\u0130N\u0130R?<\/a>| |<a href=\"http:\/\/www.mudanyaonline.net\/?page_id=113\">GEZ\u0130LECEK YERLER<\/a>| |<a href=\"http:\/\/www.mudanyaonline.net\/?page_id=115\">NE ALINIR?<\/a>| |<a href=\"http:\/\/www.mudanyaonline.net\/?page_id=116\">YAPMADAN D\u00d6NME<\/a>|<\/p>\n<p><a class=\"highslide\" onclick=\"return vz.expand(this)\" href=\"http:\/\/www.mudanyaonline.net\/wp-content\/uploads\/otel.gif\"><img loading=\"lazy\" class=\"alignleft size-full wp-image-168\" title=\"otel\" alt=\"\" src=\"http:\/\/www.mudanyaonline.net\/wp-content\/uploads\/otel.gif\" width=\"68\" height=\"68\" \/><\/a>Mudanya i\u00e7inde eski tren istasyonunun restorasyonu sonucu olu\u015fan denize s\u0131f\u0131r teras\u0131 ile y\u00fczme havuzu ve \u00e7at\u0131 kat\u0131 s\u00fcit odalar\u0131 ile konforlu otel olan <a href=\"http:\/\/www.montaniahotel.com\">Montania Hotel<\/a> d\u0131\u015f\u0131nda odalar\u0131 yine denize bakan; <a href=\"http:\/\/www.kocrestaurant.com\">Ko\u00e7<\/a>, <a href=\"http:\/\/www.mudanyaferahhotel.com\">Ferah <\/a>, <a href=\"http:\/\/www.panoroman.com\/mudanya-otel-mudanya-konaklama\">Mudanya <\/a>ve Y\u0131ld\u0131ztepe&#8217;de yeni in\u015faa edilen <a href=\"http:\/\/www.dogalya.com\"> Do\u011falya <\/a> adl\u0131 oteller faaliyet g\u00f6stermektedir. Mudanya&#8217;da son y\u0131llarda butik oteller reva\u00e7tad\u0131r. M.Kemalpa\u015fa Caddesi \u00fczerinde Esman, Apemia, <a title=\"Armistis Hotel\" href=\"http:\/\/www.armistishotel.com.tr\/\" target=\"_blank\">Armistis<\/a>; Fevzi Pa\u015fa Caddesi \u00fczerinde <a href=\"http:\/\/www.otellafontaine.com\">La Fontaine<\/a>, Mudanya Konak, <a href=\"http:\/\/www.atlasbutikhotel.com\">Atlas Butik Otel<\/a>, Arnavutk\u00f6y Mevkii&#8217;nde ise 19. y\u00fczy\u0131ldan g\u00fcn\u00fcm\u00fcze ula\u015fan konak <a href=\"http:\/\/www.greenhouseotel.com\/\" target=\"_blank\">Green House<\/a> butik otel olarak hizmet vermektedir.<br \/>\nYaz sezonunda buralarda yer bulmak g\u00fc\u00e7le\u015fir. \u0130l\u00e7enin G\u00fczelyal\u0131 Mahallesi&#8217;nde de T\u00fcrkiye Denizcilik \u0130\u015fletmesi&#8217;ne ait yolcu vapurundan turizme kazand\u0131r\u0131lan <a href=\"http:\/\/www.otantikotel.com\">Turan Emeksiz-Otantik Otel<\/a> bulunmaktad\u0131r. G\u00fczelyal\u0131 Yat Liman\u0131 i\u00e7erisinde faaliyet g\u00f6steren gemi-otel ayn\u0131 zamanda restoran ve toplant\u0131 merkezi olarak da faaliyet g\u00f6stermektedir.<br \/>\nSon birka\u00e7 y\u0131l i\u00e7inde konaklama tesislerine kavu\u015fan Tirilye Mahallesi&#8217;nde <a href=\"http:\/\/www.trilyekaplanotel.com\/\" target=\"_blank\">Kaplan Otel<\/a>, Trilyal\u0131\u00a0 ile eski bir Rum evinden otantik bir dekorasyonla pansiyona d\u00f6n\u00fc\u015ft\u00fcr\u00fclen Savarona, \u00c7\u0131nar, Akide\u00a0 ve \u00e7ok say\u0131da pansiyon hizmet vermektedir.<\/p>\n<p><a class=\"highslide\" onclick=\"return vz.expand(this)\" href=\"http:\/\/www.mudanyaonline.net\/wp-content\/uploads\/montania.gif\"><img loading=\"lazy\" class=\"alignright size-full wp-image-163\" title=\"montania\" alt=\"\" src=\"http:\/\/www.mudanyaonline.net\/wp-content\/uploads\/montania.gif\" width=\"204\" height=\"154\" \/><\/a>Rezervasyon telefonlar\u0131:<br \/>\n<strong><em>Montania Hotel:<\/em><\/strong><br \/>\n0(224) 544 60 00<br \/>\n<strong><em>Ko\u00e7 Otel :<\/em><\/strong><br \/>\n0(224) 544 10 36<br \/>\n<strong><em>Ferah Otel:<\/em><\/strong><br \/>\n0(224) 544 66 26<br \/>\n<strong><em>Mudanya Otel:<\/em><\/strong><br \/>\n0(224) 544 55 26<br \/>\n<strong><em>Do\u011falya Otel:<\/em><\/strong><br \/>\n0(224) 544 86 66<br \/>\n<a class=\"highslide\" onclick=\"return vz.expand(this)\" href=\"http:\/\/www.mudanyaonline.net\/wp-content\/uploads\/05_turanemeksiz.jpg\"><img loading=\"lazy\" class=\"alignright size-full wp-image-165\" title=\"05_turanemeksiz\" alt=\"\" src=\"http:\/\/www.mudanyaonline.net\/wp-content\/uploads\/05_turanemeksiz.jpg\" width=\"204\" height=\"153\" \/><\/a><strong><em>Turan Emeksiz-Otantik Otel:<\/em><\/strong><br \/>\n0(224) 554 43 00<br \/>\n<strong><em>Esman Butik Otel:<\/em><\/strong><br \/>\n0(224) 544 64 64<br \/>\n<strong><em>Armistis Hotel:<\/em><\/strong><br \/>\n0(224) 544 66 80<br \/>\n<strong><em>La Fontaine Butik Otel:<\/em><\/strong><br \/>\n0(224) 543 10 41<br \/>\n<strong><em>Atlas Butik Hotel:<\/em><\/strong><br \/>\n0(224) 543 00 11<br \/>\n<strong><em>Green House Otel:<\/em><\/strong><br \/>\n0(224) 544 87 00<br \/>\n<strong><em>Tirilye Kaplan Otel :<\/em><\/strong><br \/>\n0(224) 563 22 20<br \/>\n<strong><em>Savorana pansiyon :<\/em><\/strong><br \/>\n0(224) 563 26 08<\/p>\n<p>|<a href=\"http:\/\/www.mudanyaonline.net\/?page_id=108\">NASIL GEL\u0130N\u0130R?<\/a>| |<a href=\"http:\/\/www.mudanyaonline.net\/?page_id=113\">GEZ\u0130LECEK YERLER<\/a>| |<a href=\"http:\/\/www.mudanyaonline.net\/?page_id=115\">NE ALINIR?<\/a>| |<a href=\"http:\/\/www.mudanyaonline.net\/?page_id=116\">YAPMADAN D\u00d6NME<\/a>|<\/p>\n","protected":false},"excerpt":{"rendered":"<p>|NASIL GEL\u0130N\u0130R?| |GEZ\u0130LECEK YERLER| |NE ALINIR?| |YAPMADAN D\u00d6NME| Mudanya i\u00e7inde eski tren istasyonunun restorasyonu sonucu olu\u015fan denize s\u0131f\u0131r teras\u0131 ile y\u00fczme havuzu ve \u00e7at\u0131 kat\u0131 s\u00fcit odalar\u0131 ile konforlu otel olan Montania Hotel d\u0131\u015f\u0131nda odalar\u0131 yine denize bakan; Ko\u00e7, Ferah , Mudanya ve Y\u0131ld\u0131ztepe&#8217;de yeni in\u015faa edilen Do\u011falya adl\u0131 oteller faaliyet g\u00f6stermektedir. Mudanya&#8217;da son y\u0131llarda [&hellip;]<\/p>\n","protected":false},"author":1,"featured_media":0,"parent":0,"menu_order":0,"comment_status":"closed","ping_status":"closed","template":"","meta":[],"_links":{"self":[{"href":"http:\/\/www.mudanyaonline.net\/index.php?rest_route=\/wp\/v2\/pages\/111"}],"collection":[{"href":"http:\/\/www.mudanyaonline.net\/index.php?rest_route=\/wp\/v2\/pages"}],"about":[{"href":"http:\/\/www.mudanyaonline.net\/index.php?rest_route=\/wp\/v2\/types\/page"}],"author":[{"embeddable":true,"href":"http:\/\/www.mudanyaonline.net\/index.php?rest_route=\/wp\/v2\/users\/1"}],"replies":[{"embeddable":true,"href":"http:\/\/www.mudanyaonline.net\/index.php?rest_route=%2Fwp%2Fv2%2Fcomments&post=111"}],"version-history":[{"count":0,"href":"http:\/\/www.mudanyaonline.net\/index.php?rest_route=\/wp\/v2\/pages\/111\/revisions"}],"wp:attachment":[{"href":"http:\/\/www.mudanyaonline.net\/index.php?rest_route=%2Fwp%2Fv2%2Fmedia&parent=111"}],"curies":[{"name":"wp","href":"https:\/\/api.w.org\/{rel}","templated":true}]}}